e 14/6 - (-1)/f. Let h be 6 - 8/(-72)*0. What is the highest common factor of h and x?
2
Suppose 0 = 5*t - t - 12. Let p(d) = -7*d**3 + 14*d**2 + 8*d**t + 20 - 8. Let w be p(-14). What is the highest common factor of w and 2?
2
Suppose 3*g - l - 30 = 0, g - 2*l - 14 = -4. What is the greatest common divisor of g and 46?
2
Let h be 17/((-425)/(-15)) + 4244/10. What is the greatest common factor of h and 85?
85
Let g(r) = r**2 + 3*r + 4. Let j be g(-4). Calculate the highest common divisor of j and 26.
2
Let s be 56*2/10*225/20. What is the greatest common factor of s and 90?
18
Suppose 52 = -4*b - 4. Let a = b + 31. Let p = 134 + 2. What is the greatest common factor of p and a?
17
Let j = -22 - -18. Let c = j + 23. What is the greatest common divisor of 171 and c?
19
Suppose -8*i = -2*i + 72. Let j(r) = r**3 + 12*r**2 - r + 6. Let f be j(i). What is the highest common divisor of 2 and f?
2
Let u(q) = -29*q - 37. Let l be u(-2). Calculate the greatest common divisor of l and 18.
3
Let k = -885 - -1072. Calculate the greatest common factor of 88 and k.
11
Suppose -2*t + 4 = -0*t. Let f be t - (0 + 1 + -2). Suppose -5*w + 57 = 47. What is the greatest common factor of w and f?
1
Suppose 2*w + 16 = 4*h - 2*w, -5*h - 2*w = -27. Let o(d) = -14*d - 20. Let g be o(-8). Suppose p - h*p = -g. What is the highest common divisor of 23 and p?
23
Let m = 76 + -46. Let s be -2*3 + (8 - -78). Calculate the highest common divisor of m and s.
10
Suppose 4*x + 4*q - 96 = 0, 4*q - 73 = 3*x - 6*x. Calculate the highest common factor of 23 and x.
23
Suppose -134*r - 273 = -148*r + 217. Suppose 3 + 9 = 3*t. Suppose 3*c - t*c = -7. What is the greatest common factor of r and c?
7
Let d(h) = -h**3 + 2*h**2 + 27*h - 4. Let z be d(-5). What is the greatest common divisor of z and 9?
9
Let g = 8 - -10. Let c = 28 - g. Let b(v) = -v**3 + 9*v**2 + 12*v + 4. Let a be b(c). What is the highest common factor of 6 and a?
6
Let u = 187 - 67. Let m(b) = b**2 + 4*b - 4. Let h be m(-4). Let p(g) = -7*g - 13. Let w be p(h). Calculate the greatest common divisor of w and u.
15
Suppose 2*x - 4*j = 95 + 53, -5*j - 395 = -5*x. Let z be (4/x*7)/((-1)/(-123)). Calculate the highest common divisor of z and 369.
41
Suppose -12*s + 4*s = -288. Let p = s + -11. What is the greatest common divisor of 225 and p?
25
Let g(o) = -6*o**2 + 61*o + 27. Let a be g(9). Calculate the greatest common divisor of a and 150.
30
Let v(n) = -n**3 + 50*n**2 + 109*n - 44. Let f be v(52). What is the highest common factor of f and 18?
18
Suppose -2*r - 2*t + 236 = 2*r, 6 = -3*t. Suppose -a + 4*g + 8 - 6 = 0, -a + g + 2 = 0. Let v = a + 38. Calculate the highest common divisor of r and v.
20
Suppose -q = 4*o + o - 100, 2*o = -2*q + 208. Calculate the highest common factor of 35 and q.
35
Suppose 0 = -65*l + 1328 + 1337. What is the highest common divisor of l and 1?
1
Let t(f) = 10*f**2 - 1. Let d be t(1). Let x = -8 + d. Suppose l = 4 + x. What is the highest common divisor of l and 5?
5
Suppose 8 = j + 1. Suppose -2*r - i + 144 = 0, 3*r + i - 93 = 121. Calculate the highest common divisor of r and j.
7
Let d(c) = c**3 + 19*c**2 - 5*c - 15. Let g be d(-19). What is the greatest common factor of g and 20?
20
Suppose -32 + 64 = 2*s. Calculate the highest common factor of 160 and s.
16
Let p = 931 - 645. What is the highest common divisor of 88 and p?
22
Let h be -3*-2*(231/(-18))/(-11). Let l = h - -11. Calculate the highest common divisor of l and 72.
18
Let b(u) = -14*u + 18. Let h be b(0). Calculate the highest common divisor of h and 45.
9
Suppose 0 = v, 5*v = -3*n + 2*n + 391. Calculate the greatest common factor of n and 17.
17
Suppose 9*l - 60 - 3 = 0. Calculate the highest common divisor of 14 and l.
7
Let t(d) = -4*d - 32. Suppose 2*c = -2*b - 20, 3*b - 10 = c - 0*c. Let g be t(c). What is the greatest common divisor of g and 56?
8
Suppose -4 = 7*w - 9*w - 2*p, -3*p = 4*w - 7. Calculate the highest common divisor of 4 and w.
1
Suppose 53*a - 60*a + 84 = 0. Suppose 2*k - 42 = -f + 26, 0 = k - 3*f - 48. Calculate the highest common divisor of a and k.
12
Let w be ((-48)/(-30))/((-14)/(-35)) + 101. Calculate the greatest common factor of 175 and w.
35
Suppose 0 = -7*u + 11*u - 16. Suppose 264 = u*o + 4. Calculate the highest common divisor of 13 and o.
13
Suppose 3*a + 12 - 6 = 0. Let w = a + 11. Calculate the highest common factor of 99 and w.
9
Let k = -38 + 89. What is the greatest common divisor of k and 17?
17
Let a = 42 + -23. Suppose 2*k = -2*j + 14, -4*j = 5*k - 14 - a. Suppose -k*r = -0*r - 5. What is the highest common factor of 7 and r?
1
Suppose 476 = -18*l + 32*l. What is the greatest common divisor of l and 136?
34
Let i be (-1)/((-8)/(-4))*-10. Suppose i*v = 2*v + 60. Suppose -j = j - v. What is the highest common factor of 4 and j?
2
Suppose 3*q - 84 = -3*t - 6, q = -2*t + 26. What is the greatest common divisor of q and 104?
26
Let v = -69 + 37. Let l = -18 - v. What is the greatest common divisor of 7 and l?
7
Suppose 0*a + 4*a = 8. Let v(m) = m + 2. Let o be v(a). Suppose -3*t = -i + 57, 0 = 4*t + o - 24. Calculate the greatest common divisor of i and 9.
9
Suppose -2*l + 5691 = 4*c + 3*l, 4*l = 3*c - 4276. What is the highest common factor of 32 and c?
16
Suppose -k + h = -14, -4*k + 26 + 33 = -3*h. Let j = 559 + -839. Let y = -161 - j. What is the highest common factor of k and y?
17
Suppose -28*r = -1852 + 732. Calculate the highest common divisor of 128 and r.
8
Let l(n) = -n**3 - 11*n**2 - 13*n - 3. Let g be l(-10). Suppose -3*u - 3 = g. Let v(t) = -t - 1. Let w be v(u). What is the highest common divisor of w and 1?
1
Let t(w) = w**2 - 9*w + 14. Let z be t(6). Let u be (-1*(-1)/(-1))/(z/44). Calculate the greatest common factor of u and 44.
11
Suppose -40*d + 470 = -450. Calculate the greatest common divisor of 69 and d.
23
Suppose -3*a + 5*m = -12, -5*m - 2 = -a - 4*m. Let x be 12/(-24) + 70/4 + a. Calculate the greatest common factor of x and 2.
2
Suppose 7*r + 286 = -64. Let o be ((-57)/15 - -2)*r/15. Calculate the highest common factor of o and 144.
6
Suppose -40 = l - 156. Suppose 2*t - 70 = 6*x, 0 = -4*t + 3*x - 7*x + 108. What is the greatest common divisor of t and l?
29
Suppose -4*r = 3*i - 66, 3*r + 0*i - 2*i - 58 = 0. Suppose -5*f = 3 - r. What is the greatest common factor of f and 9?
3
Let w(i) = -i**2 - 14*i - 22. Let r be w(-4). Calculate the greatest common factor of 36 and r.
18
Let j be ((-3)/9 - (-3590)/15) + 4. What is the highest common divisor of 9 and j?
9
Let l be -2 - 1 - (1 + -7). Let a(d) = -1 + 2*d**2 + 6*d + d**l + 4*d**2 - d - 3. Let g be a(-4). Calculate the highest common factor of 72 and g.
8
Let w(b) = 40*b - 152. Let y be w(5). What is the greatest common divisor of y and 552?
24
Let q be (-1 + 2)/(-2 - (-310)/154). Let j = q - 60. What is the greatest common divisor of 68 and j?
17
Let i(r) = r**3 + 5*r**2 - 26*r + 19. Let q be i(-8). What is the greatest common divisor of q and 7?
7
Suppose 0 = k - 2*k + 2*y - 14, -y = -4. Let p be 3/(-6) + (-51)/k. Calculate the greatest common divisor of 80 and p.
8
Let g be (74/4)/((-2)/(-12)). Suppose -5*y - 21 = -g. What is the greatest common factor of y and 18?
18
Let s(k) = 3*k**2 - 5*k + 21. Let o be s(7). Calculate the highest common factor of o and 76.
19
Let j(t) = t**3 - 12*t**2 + 8*t - 15. Let a be j(11). Let l = a - -59. What is the highest common factor of l and 33?
11
Let k be 2/(-4) + 63/(-6). Let u = 21 + k. Let z be ((-5270)/(-30))/17 + (-2)/6. Calculate the greatest common divisor of u and z.
10
Let h(o) = o**3 + 18*o**2 + 20*o + 10. Let u be h(-9). Calculate the greatest common factor of u and 13.
13
Suppose 0 = -3*j + w + 233, -5*j + 0*w = -5*w - 405. Let r(c) = 3*c**2 + 4*c + 4. Let t be r(-3). What is the highest common divisor of t and j?
19
Let x(o) = -16*o + o**2 + o**3 + 8*o**2 + 15 - 9*o. Let s be x(-11). What is the greatest common factor of 528 and s?
48
Suppose -m + 3*i - 8*i = -216, 186 = m - i. Let s = m + -183. Let a = 214 + -126. Calculate the highest common divisor of a and s.
8
Suppose -51*t + 10124 = -3544. Calculate the highest common factor of 4 and t.
4
Let s(f) = f**2 + 8*f - 17. Suppose -4*m - 38 = -2*c, -3 = m - 4*c - 4. Let h be s(m). Calculate the highest common